(y) = -40*y - 6. Let i(n) = r*j(n) + z(n). Is i(5) a composite number?
False
Let t(b) = 5*b**3 + 5*b**2 + 2*b - 2. Let a be t(6). Suppose 3*v - 4*m = 969, m - a = -4*v - m. Is v prime?
False
Suppose 4*n = 3 + 5. Suppose h - 25 = 20. Suppose -n*v + h = -221. Is v a composite number?
True
Let p = 1144 + -497. Let c = -424 + p. Is c a prime number?
True
Suppose -d = -3*x - 37, 0*x + 5*x + 91 = 3*d. Let r = -19 + d. Suppose r*v = -5*o + 4*o + 1407, -2*o = v - 469. Is v composite?
True
Let v be (-3962 + 1)*10/10. Let d = -2304 - v. Is d prime?
True
Suppose -2*h - 3*h + 20 = 0. Is h/(-22) + 119888/176 a composite number?
True
Suppose 20*l = 123790 + 236910. Is l prime?
False
Suppose 3*b - 5*s = 16709, 8184 - 24898 = -3*b + 4*s. Is b a composite number?
True
Let p(x) = -10*x**2 - x - 5. Let j be p(5). Suppose -3*z - 2*q + 0*q = 1127, -3*z = q + 1126. Let c = j - z. Is c a composite number?
True
Let k = 23 - 35. Is 1798 - (1 - k/(-3)) a composite number?
False
Let c be (-10)/(-3)*27/18. Suppose -c*u = -3*a - 3*u - 190, -a - u = 65. Let r = a - -143. Is r composite?
False
Suppose 861 = q + 2*c, -3*c = -0 - 15. Is q prime?
False
Suppose -2*u + 6*u - 4*b - 11408 = 0, b = 0. Suppose -5*l = -3*f - u - 651, 1398 = 2*l - 2*f. Is l a prime number?
False
Suppose 0 = -3*w + 8*w - 10. Suppose -3*b - 15 = 0, 5*m - w*m + 4*b = 4393. Is m prime?
True
Let u be (-4)/(-10) + (-96)/(-60). Let v = u - -137. Is v prime?
True
Let l(u) = -67*u**3 + 17*u**2 - 4*u + 7. Is l(-4) a prime number?
True
Is 2642*(95/10 - 7) prime?
False
Let w(b) be the first derivative of -11*b**4/2 - b**3/3 + b**2/2 + b - 35. Let p(u) = u**3 + 6*u**2 - 1. Let n be p(-6). Is w(n) a composite number?
True
Suppose -2*q + 5 = 3. Let n(y) = -q + 6 + 23*y - 11. Is n(9) a prime number?
False
Let q be 2/6 - 48/(-18). Let o(k) = -2*k**2 - 5*k - 2. Let g be o(-2). Suppose -2*u - q*u + 635 = g. Is u prime?
True
Suppose 18*j = 20*j - 36. Is 9/6*-2*(-8862)/j a prime number?
False
Suppose -3 = 3*n - 4*n. Suppose -8*x + n*x = -3505. Is x composite?
False
Suppose -5*l + 479 = -3*s, 2*l - 3*s = s + 186. Is l a composite number?
False
Let y(i) = i**3 + 32*i**2 - 74*i - 29. Is y(-30) prime?
False
Suppose 22*z - 5966 = 3*z. Suppose 2*j + 31 + 11 = 0. Let m = z + j. Is m a prime number?
True
Let y = 5 + -7. Let h be (-5)/(0 + (-3 - y)). Suppose h*n - 271 = 684. Is n composite?
False
Let j = -2678 + 918. Let l = -4315 - -3058. Let d = l - j. Is d a composite number?
False
Suppose -2039 = -2*l - 5*g, 2*g - 6 = 4*g. Is l a prime number?
False
Let q(x) = -5*x**2 - 8*x**2 - 3*x - 3*x - 15 + 14*x**2. Suppose 10 = -v - 2*g, -5*v = -3*g + 8 + 42. Is q(v) composite?
True
Let o = 76 + -79. Is o + 2 + (404 - (-1 + -3)) prime?
False
Let s(c) = 2*c + 6. Let m(p) = -1. Let o(b) = -2*m(b) - 2*s(b). Let r be o(-4). Let h(j) = -j**3 + 12*j**2 - 3*j + 5. Is h(r) prime?
False
Let s(l) = 3*l**2 - 15*l - 9. Let y(o) = -o**2 - 8*o - 9. Let g be y(-7). Let d(h) = -16*h**2 + 75*h + 45. Let q(b) = g*d(b) - 11*s(b). Is q(7) prime?
False
Let h be -2 - 3/(-6)*-2. Is 1/((-3)/153)*31/h prime?
False
Let t be -713 - (12/(-4) + 1). Let i be t/(-6)*(-8)/12. Let p = i - -146. Is p composite?
False
Let q(h) = -h**2 - 7*h - 18. Let v be q(-6). Is (-1 - (-1624)/v)*-3 composite?
False
Let u = 26147 - 14461. Let y = u + -7139. Is y a composite number?
False
Let v(z) = z**2 - 11*z. Let m be v(11). Suppose m = -0*g - 2*g. Is (-4)/(4 - g) + 38 prime?
True
Let g = 1722 - -6865. Is g a prime number?
False
Let b = 169 + 203. Suppose 8*n - b = 4*n. Is n composite?
True
Let p = -14 + 17. Let s be (2 + p + -4)*0. Is -1 + 3 + s + 257 prime?
False
Suppose 0 = 2*v + 50 - 646. Let f be ((-3)/(-2) - 1)*v. Let q = f - 46. Is q prime?
True
Let o be 38/(7/4 + -2). Is (o - -3)*(-4 + 3) prime?
True
Let t be -6 - ((-20)/12)/(-5)*-3. Is (-4)/90*t - (-33328)/36 a prime number?
False
Let x(j) = -12*j - 1. Suppose -5*a = 3*o - 7*o, -3*a = -2*o. Suppose 5*n + 3*v + 13 = o, -2*n + 3*v = 2*v + 3. Is x(n) composite?
False
Is (-2)/(-11) - (-2318855)/605 composite?
False
Let h(j) = -4*j**2 + j + 0*j + 5*j**2 + 6 - 5*j. Suppose 5*q + 15 = -5*f, 0 = 5*f - 2*q - q + 23. Is h(f) a prime number?
False
Let o be 2/10 - 216/(-45). Let n(h) = 4*h**2 - 14. Is n(o) a prime number?
False
Suppose 0 = 2*y - 5 + 25. Let h(u) be the first derivative of u**4/4 + 10*u**3/3 + 11*u - 5. Is h(y) composite?
False
Suppose -3*l = -3*u - 9, -19*l - 6 = -u - 21*l. Suppose -5*s = 0, 391 + 621 = 4*j - 3*s. Suppose -2*k + k + j = u. Is k a composite number?
True
Let a be 6*(0 - 21/(-9)). Is (0 - a)*(-381)/6 prime?
False
Suppose 2*r + 3*r = 40. Let j(q) be the first derivative of -q**4/4 + 7*q**3/3 + 6*q**2 - 6*q - 73. Is j(r) a composite number?
True
Suppose 0 = -2*n + 2*y + 6 + 6, -y - 9 = -4*n. Is (-3 + (-555)/(-6))/(n/14) a composite number?
True
Let x be (254/4)/((-5)/60). Let j = 1302 + x. Let m = -161 + j. Is m a composite number?
False
Is 3/(1*(-2)/(-866)) composite?
True
Let a = 1059 - 428. Is a a prime number?
True
Suppose -4*d - 2752 = 4*w, -4*d + w = -2*w + 2745. Let c = d + 1298. Is c a prime number?
False
Let l(r) = r**3 - 66*r**2 - 198*r - 53. Is l(72) a composite number?
True
Suppose -16*n + 12*n = -347228. Is n a composite number?
True
Let a = -51422 - -98423. Is a prime?
False
Suppose -44*j + 33*j + 22 = 0. Suppose 0 = -3*v - 4 + 16. Suppose -o + 111 = -v*y, 0*y = -o + j*y + 115. Is o prime?
False
Let v = -48510 - -83859. Is v composite?
True
Let s(a) = 40*a - 1. Suppose 6*r = 7 + 29. Is s(r) prime?
True
Let v be 24/10 + (-6)/15. Suppose -v*r - 4*p + 461 = p, -5*p = 4*r - 917. Let q = r - 65. Is q a composite number?
False
Let d(o) = 143*o + 25. Let a(u) = -71*u - 12. Let i(x) = 5*a(x) + 2*d(x). Is i(-13) composite?
False
Suppose -3*g = 4*v - 95930, -g + 4 = 2. Is v composite?
False
Is 354/30*(1 - -84) a composite number?
True
Let t(m) = 3995*m**3 - 2*m + 1. Is t(2) a prime number?
True
Let m be (3/(-2))/((-1)/(-2)). Let g(p) be the first derivative of -21*p**4/4 + p**3 + p**2/2 - 4*p - 368. Is g(m) a composite number?
False
Let o(r) = -283*r + 2. Let v be o(-1). Suppose 5*s + 25 = v. Let y = s + -15. Is y a composite number?
False
Let z(v) = 18*v**2 + 5*v + 199. Is z(-16) composite?
True
Let t be (-3)/(9/24 + 0). Let x = t - -8. Suppose x = -3*r + 194 + 583. Is r prime?
False
Let w be 1 + -600 - 3/3. Let y be -2 - -1 - (3 - -3 - 5). Is y/2 + (-13 - w) a composite number?
True
Let k(o) = -17*o + 17. Is k(-4) composite?
True
Let n = 11489 + -6604. Is n composite?
True
Let d(j) = j**2 - 5*j - 2. Let g be d(6). Suppose 4 = g*s, 4*s = 5*a + 133 - 1184. Is a composite?
False
Suppose 0 = -3*o + 467 + 82. Is (-1)/(6/o)*-14 a prime number?
False
Suppose 20 = 2*n + 3*n. Suppose -n*g - 20 = 0, 0 = 2*l + g + 1 - 0. Suppose -2*f = -4*f + 2*t + 1268, -l*f + 5*t + 1265 = 0. Is f composite?
True
Let d(j) = 29*j**2 + 65*j + 5. Is d(-39) prime?
True
Is ((-2489)/(-3) - -2)/(31/93) composite?
True
Let o = -173 - -13. Let p be o/(-48) + 2/3. Suppose 4*q - 592 = -3*m, -2*m - 282 = 2*q - p*q. Is q a prime number?
False
Suppose 315*k - 323*k = -66104. Is k a composite number?
False
Let x = 81 - 81. Let l(k) = k**3 + 6977. Is l(x) a composite number?
False
Let g(v) be the first derivative of v**5/60 + v**4/3 + 11*v**3/6 - 4*v**2 + 4. Let z(i) be the second derivative of g(i). Is z(-12) prime?
True
Suppose 5*v + 2*m = 3*v + 1016, -2*v = -m - 1013. Suppose v = 2*g + 5*o, 3*g - 410 = o + 342. Is g a prime number?
True
Suppose 0 = 5*v + 18*v - 545537. Is v a prime number?
True
Let h = 371 - 742. Let z = h + 870. Is z prime?
True
Let d(a) = -a**3 - 10*a**2 + 24*a. Let q be d(-12). Suppose q = p + 2*u - 177, -3*u = 12. Is p prime?
False
Suppose 8 = 2*x - m, -2*x = 2*m - 0*m - 8. Let b(u) = -2 - 3 - 45*u + x + 8. Is b(-8) composite?
False
Let l(t) = t**3 + 4*t**2 - 5*t + 6. Let i be l(-5). Let h(s) be the third derivative of 19*s**4/12 - 5*s**3/6 - 3*s**2. Is h(i) a prime number?
True
Let y(o) = 15*o**3 + 13*o**2 - 37*o + 260. Is y(11) composite?
False
Let t(k) = -5*k**2 + 146*k - 17. Let l be t(29). Let u(a) = -3*a**2 - 6*a**2 + 4*a**3 - 17 - 15*a - 3*a**3. Is u(l) composite?
True
Is ((-2)/3)/(110/(-3425565)) prime?
False
Let g(t) = t**3 - t + 451. Suppose 28 = -i - 3*i. Let s(x) = -x**3 - 7*x**2. Let j be s(i). Is g(j) a